s the greatest common divisor of 760222358 and 2254?
2254
Calculate the greatest common factor of 42675 and 167505.
15
What is the greatest common divisor of 4698997 and 989?
43
What is the highest common divisor of 24543 and 12879621?
2727
What is the greatest common divisor of 30616 and 219296?
712
Calculate the highest common divisor of 288 and 811194.
6
What is the highest common divisor of 32208855 and 21?
21
Calculate the greatest common factor of 972696 and 30.
6
Calculate the greatest common factor of 11039949 and 3096.
387
Calculate the greatest common divisor of 914101 and 8667.
107
Calculate the greatest common factor of 1128515 and 5095.
5
What is the highest common divisor of 432801810 and 7820?
3910
Calculate the greatest common factor of 50100595 and 200481.
3931
What is the greatest common divisor of 1056 and 176055?
33
What is the greatest common divisor of 266334320 and 560?
560
What is the highest common factor of 11436 and 93014706?
5718
What is the greatest common factor of 206412 and 57615?
501
Calculate the greatest common divisor of 25186 and 16187402.
3598
What is the greatest common divisor of 203535909 and 162?
81
What is the highest common factor of 861 and 81256875?
861
Calculate the greatest common divisor of 205 and 13812572.
41
Calculate the highest common factor of 6718520 and 404.
404
What is the highest common divisor of 18 and 116929?
1
What is the greatest common divisor of 77520 and 168929?
323
Calculate the greatest common divisor of 600 and 2931900.
300
Calculate the highest common factor of 57242664 and 712.
712
What is the greatest common divisor of 1035870 and 19780?
430
What is the greatest common divisor of 684 and 2105865?
171
What is the greatest common factor of 59221269 and 564?
141
What is the highest common divisor of 4417 and 6503?
7
What is the highest common divisor of 2505494 and 197591?
1003
Calculate the highest common factor of 2332 and 44507969.
583
Calculate the greatest common factor of 1851399 and 108900.
99
What is the highest common factor of 10674 and 7999570?
1186
What is the greatest common factor of 91288683 and 117?
9
Calculate the highest common factor of 730592 and 40448.
2528
Calculate the greatest common factor of 2156 and 14959.
7
What is the greatest common factor of 2582531 and 4823?
371
What is the greatest common factor of 213781 and 44233?
71
Calculate the highest common factor of 1907 and 2237.
1
Calculate the greatest common factor of 144143180 and 20.
20
What is the greatest common divisor of 930 and 754590?
30
Calculate the highest common divisor of 50060658 and 804.
402
What is the highest common divisor of 9 and 609603993?
9
What is the highest common divisor of 612 and 13952478?
102
Calculate the highest common factor of 17 and 100118083.
17
Calculate the greatest common factor of 2709 and 2220520.
43
What is the highest common factor of 36143 and 8789?
47
Calculate the greatest common factor of 12798698 and 1391.
107
Calculate the highest common factor of 782176 and 288.
32
Calculate the highest common divisor of 7886272 and 1654.
1654
What is the highest common divisor of 38752 and 1405971?
1211
Calculate the highest common factor of 296 and 92772.
4
Calculate the highest common factor of 3756260 and 40.
20
What is the greatest common factor of 1130013 and 7452?
207
What is the greatest common divisor of 129761433 and 5043?
5043
What is the highest common divisor of 1026 and 283426857?
513
What is the highest common divisor of 177197334 and 5424?
678
What is the greatest common divisor of 62656232 and 10992?
1832
What is the highest common divisor of 114 and 31161026?
38
What is the highest common divisor of 112979568 and 13240?
2648
Calculate the highest common divisor of 361645 and 6989035.
755
Calculate the highest common factor of 70 and 41849395.
35
Calculate the greatest common factor of 494434 and 69892.
346
What is the greatest common divisor of 42413664 and 2988?
996
What is the greatest common factor of 143601027 and 423?
141
Calculate the highest common divisor of 868 and 50276324.
28
What is the highest common divisor of 16136253 and 7?
7
Calculate the greatest common divisor of 5563032 and 9.
3
What is the highest common factor of 189666542 and 26?
26
What is the greatest common factor of 762 and 36557458?
254
Calculate the highest common divisor of 3033880 and 6640.
40
Calculate the greatest common divisor of 357 and 1426971.
21
Calculate the highest common factor of 28 and 362053916.
28
What is the greatest common factor of 138035990 and 685730?
14590
What is the highest common divisor of 18866862 and 1127?
49
Calculate the highest common factor of 169315542 and 726.
726
Calculate the greatest common factor of 9116323 and 3020.
151
Calculate the highest common divisor of 41280 and 19140.
60
What is the highest common divisor of 4568439 and 465?
93
Calculate the highest common divisor of 111623887 and 202.
101
What is the highest common factor of 17208828 and 9?
9
What is the highest common divisor of 926162 and 19414?
1142
What is the highest common factor of 22212926 and 3379?
31
What is the highest common factor of 2 and 121585714?
2
What is the highest common divisor of 8060564 and 28?
4
What is the greatest common divisor of 4906 and 6594556?
446
What is the greatest common divisor of 1653298 and 11446?
118
Calculate the highest common factor of 161130 and 4455.
15
What is the greatest common divisor of 85994 and 1917784?
1178
What is the greatest common divisor of 1047242 and 4788?
266
Calculate the highest common factor of 20352 and 1218576.
2544
Calculate the highest common divisor of 4903719 and 30528.
159
Calculate the greatest common divisor of 21409920 and 2772.
252
What is the greatest common divisor of 9932 and 39572?
52
Calculate the highest common divisor of 7210 and 1033830.
70
What is the highest common divisor of 110280 and 284793505?
4595
What is the highest common divisor of 465 and 2111295?
15
What is the highest common factor of 31224 and 31032753?
3903
What is the greatest common factor of 6257923 and 14?
7
Calculate the highest common factor of 337074316 and 531.
59
What is the greatest common divisor of 31 and 41696674?
31
Calculate the highest common divisor of 10 and 3797270.
10
Calculate the highest common divisor of 15245 and 15193167.
3049
What is the highest common divisor of 49 and 399705593?
49
Calculate the highest common factor of 46942 and 3181518.
958
Calculate the greatest common factor of 10 and 29695730.
10
Calculate the highest common factor of 236195 and 115.
5
Calculate the greatest common factor of 18760 and 16806615.
2345
Calculate the greatest common divisor of 52582684 and 44.
44
Calculate the highest common divisor of 70 and 3608402.
14
Calculate the highest common divisor of 41860225 and 50.
25
Calculate the highest common factor of 116854568 and 31760.
3176
Calculate the greatest common divisor of 11 and 188639803.
11
What is the greatest common divisor of 7509824 and 23296?
448
Calculate the highest common factor of 10091984 and 56.
56
What is the highest common divisor of 42 and 1612107?
21
Calculate the greatest common divisor of 7798336 and 40560.
2704
Calculate the highest common factor of 206184 and 151976.
968
What is the highest common divisor of 11914705 and 2695?
55
Calculate the highest common divisor of 90 and 32485410.
90
Calculate the greatest common factor of 10757045 and 2379.
793
Calculate the greatest common divisor of 25697 and 172537.
3671
Calculate the greatest common divisor of 692304 and 368.
16
What is the greatest common factor of 324 and 308564?
4
Calculate the highest common divisor of 11032 and 169232.
56
Calculate the highest common divisor of 5966 and 697946.
38
What is the highest common divisor of 11796 and 9564?
12
What is the greatest common factor of 840 and 413427?
21
What is the greatest common factor of 58627305 and 153?
153
Calculate the highest common factor of 14493123 and 54.
9
Calculate the highest common divisor of 8926090 and 10.
10
What is the greatest common factor of 157225 and 156028?
19
Calculate the greatest common factor of 1689537 and 1121.
19
What is the highest common divisor of 84965632 and 256?
256
What is the greatest common diviso